 = 5*h + 10, 4*l + h = -o*h + 58. What is the tens digit of l?
1
Let n(f) = -4*f - 1. What is the units digit of n(-1)?
3
Let v be (2 + -3)/((-1)/37). Suppose -6*w + 3*o = -w - 103, -2*w = 3*o - v. What is the tens digit of w?
2
Let p(f) = 2*f - 6. Let i be p(5). Let x(q) = 4*q**2 + 4*q - 1 - i*q. What is the units digit of x(1)?
3
Suppose 0 = 3*f - 4*z - 51, 4*f + f - 99 = 2*z. What is the tens digit of f?
2
Suppose o = -o + p + 58, 2*o = -p + 62. What is the tens digit of o?
3
Let c(l) = 69*l**2 + l. Let g be c(-1). Suppose f - g = -3*f. What is the tens digit of f?
1
Let o be -11*(-3 + 4) + -1. What is the units digit of o/6*2*-2?
8
Let h(x) = -x**3 - 7*x**2 - 8*x + 1. Suppose -2*u - k - 11 = 0, 0*u - 29 = 5*u + 2*k. What is the tens digit of h(u)?
5
Let i be (0/3)/2 + 2. What is the units digit of (-9)/(-1) - (i + -2)?
9
Let s(v) = -v**3 - 13*v**2 + 16*v + 31. What is the hundreds digit of s(-15)?
2
Let n = 8 - -1. What is the units digit of (-25)/(-9) + 2/n?
3
Let r(k) be the second derivative of k**5/20 + k**4/4 - k**3 - 5*k**2/2 + 2*k. What is the units digit of r(-4)?
3
Let c = 41 + -31. What is the tens digit of c?
1
Let f = 99 - -52. What is the units digit of f?
1
Suppose -3*n = -2*o + n + 72, 5*o - n - 198 = 0. What is the tens digit of o?
4
Suppose 5*k = 3 + 17. Suppose 0 = -x - k*x + 110. What is the tens digit of x?
2
Suppose 304 = 3*v - 461. What is the hundreds digit of v?
2
Let s be (50/30)/((-5)/(-18)). What is the tens digit of ((-15)/(-5))/(s/68)?
3
Suppose -o - 2*o + 6 = 0. Let w(c) = 2*c + 3. Let g be w(-2). What is the units digit of 6 + g + o/(-2)?
4
Suppose -2*z - 185 = -5*n - z, -5*n + 5*z = -205. Suppose n = 3*k - 0*k. What is the units digit of k?
2
Suppose -4*k + h - 5 = -0*h, -3*k + 15 = 3*h. Suppose -4*l = 20, 0 = 3*i - k*i - l - 35. What is the units digit of i?
0
Suppose 5 + 1 = -3*h. Let t be 20/8*(-4)/h. Suppose w = t*f + 3*w - 25, 0 = f - w - 12. What is the units digit of f?
7
Let y(j) = -j - 33. Let x be y(0). Let g = x - -48. What is the units digit of g?
5
Suppose 2*p + 3*p - 3*f = 96, 5*f + 100 = 5*p. What is the tens digit of p?
1
Suppose -5*m + 20 = -5*c, 12 = -3*m + 2*c - 5*c. Let g(v) = v + 7. Let i be g(m). Let a = -2 + i. What is the units digit of a?
5
Suppose -24 = -b - 7. What is the tens digit of b?
1
Suppose 0 = z + 4*z - 440. Suppose -2*m = c - z + 6, m - 50 = 4*c. What is the units digit of m?
2
Let k(b) = b**3 - 6*b**2 - 9*b + 15. What is the units digit of k(9)?
7
Suppose -251 = 5*p - 861. What is the units digit of p?
2
Suppose 2*r + s + 6 = -s, -5*r - 3*s - 13 = 0. Let a be -2 + (2 - 2)/r. What is the units digit of (-17 - a)*4/(-10)?
6
Let v be (2/4)/(5/20). Let o(s) = 20*s**3 + 2*s**2 - s. Let y be o(1). Suppose -5*t + v*t = 3*h - y, 0 = -5*h + 25. What is the units digit of t?
2
Let h be 8/2 - 8/4. Suppose -6*g = -h*g - 4. What is the units digit of g?
1
Let d(p) = 2*p**2 + 7*p - 6. What is the units digit of d(-6)?
4
Suppose -4*w - 13 = -k - 1, 2*k - 12 = 2*w. Let m(n) = n**3 - 3*n**2 - n + 3. What is the units digit of m(k)?
5
Let i = 267 + -149. Let z = i - 64. What is the tens digit of z?
5
Let p = 71 - -69. What is the tens digit of p?
4
Suppose 2*i - 56 = -2*i. What is the units digit of i?
4
Let i(d) = d - 58. Let g be i(0). Let h = g - -81. Let j = h - 9. What is the tens digit of j?
1
Let z(s) = 4*s + 6. Let q be z(-5). Let d = q + 35. What is the tens digit of d?
2
Let y(b) = 38*b - 21. What is the tens digit of y(4)?
3
Let f = -102 - -207. What is the units digit of f?
5
Suppose 6*u = 5*u - 3, r = -3*u + 18. What is the units digit of r?
7
Let x be 1/3 + 102/(-9). Let u = 19 + x. What is the units digit of u?
8
What is the units digit of ((-15)/(-2))/((-9)/(-60))?
0
Suppose 6*d = 3*d + 3. Suppose v + 0*v - 5 = 0. Suppose b - v + d = 0. What is the units digit of b?
4
Suppose 0 = 4*f + 8. What is the tens digit of (-808)/(-16) + 1/f?
5
Let q(x) = -x**3 - x**2 - x - 1. Let l = 2 - 0. Let u be (l/(-6))/(5/30). What is the units digit of q(u)?
5
Suppose 3*x + b - 5*b = 2, -5*x = -4*b + 10. Let y = x - -8. Suppose -y*r + 11 = -11. What is the units digit of r?
1
Let z(i) = -2*i + 17. Let y be z(12). Let q = 30 + -17. Let g = q + y. What is the units digit of g?
6
Suppose 0*h + 114 = 2*h. What is the tens digit of h?
5
Suppose 4*g - 12 = 12. Let c be 52/6*g/4. Let b = c + -5. What is the units digit of b?
8
Suppose -13 = -5*o + 42. What is the units digit of o?
1
Let k(d) be the third derivative of d**5/60 - d**4/8 + 7*d**3/6 + 5*d**2. What is the units digit of k(6)?
5
What is the units digit of (-11 + 8)*(1 - 2)?
3
Let s be -1 + 10*7/2. Suppose 4*n - s = -2*q, -5*n + 2*q = -10 - 10. What is the units digit of n?
6
Suppose -q - 2*q + 3 = -2*f, 3 = 5*f + 3*q. Let k be 3 - (-3)/(3/(-2)). What is the units digit of (f + 0 - k)*-3?
3
Suppose -4*r + 51 = -5*y, r - y = -5*y + 39. Suppose 0 = n - r - 0. What is the units digit of n?
9
Let w(a) = 5*a**2 + a - 7. Let q(s) = -s**2 + 1. Suppose -4*c + 3*c = -4. Let v(m) = c*q(m) + w(m). What is the units digit of v(-4)?
9
Let b = -72 + 133. What is the units digit of b?
1
Let o = -48 - -72. What is the tens digit of o?
2
Let x = -1 - 0. What is the units digit of 4/8*(23 + x)?
1
Let g(z) = 7*z - 10. What is the units digit of g(8)?
6
Let n(s) = -2*s - 4*s + 4*s - 7 + 3*s + s**2. What is the tens digit of n(-5)?
1
Suppose -2*l = l - 5*x - 47, -3*x = 4*l - 53. What is the units digit of l?
4
Let u(h) = h**2 + 3*h. Let d be u(-4). Let s = d - 9. Let r = 10 + s. What is the units digit of r?
5
Let s = -15 + 23. Let a = s + -4. Suppose 0 = m + 3*m - a*u - 80, m + 4*u + 5 = 0. What is the units digit of m?
5
Let m = 8 + -15. What is the tens digit of (26/6)/(m/(-21))?
1
Suppose 84 = m + 4*z, 2*m = -3*m - 2*z + 402. What is the units digit of m?
0
Suppose -2*x + 5*y = -0*x - 19, -x - 3*y = -15. What is the units digit of x?
2
Let w(n) = 2*n + 64. What is the units digit of w(0)?
4
Let h(a) = a**3 + 3*a**2 + 2*a - 5. Let d(p) = 2*p**3 + 6*p**2 + 4*p - 9. Let x(b) = -6*d(b) + 11*h(b). What is the units digit of x(-3)?
5
Suppose 21 = 3*f - 2*f. What is the units digit of f?
1
Let q be (-4)/(0 + 0 + -2). Suppose 0 = -2*i - q*i + 28. Let x(r) = 2*r - 6. What is the units digit of x(i)?
8
Let r(k) = k**3 + 8*k**2 + 3*k - 3. Let p be 4 + 21/(-6 + 3). What is the tens digit of r(p)?
3
Let h = -27 - -46. What is the units digit of h?
9
Suppose -9*n + 17 = -8*n. What is the units digit of n?
7
Let v(h) = h**2 - 6*h + 17. What is the units digit of v(8)?
3
Let p = -3 + 3. Suppose 14 = -4*o - 3*c, -4*o - c = -p*c + 10. What is the units digit of -2 + 0 + (-20)/o?
8
Suppose 0*d - 2*d = 2*n - 132, -n + d = -68. What is the units digit of n?
7
Suppose -5*v + 0*v + 140 = 0. What is the tens digit of v?
2
Let f be (-1 - (-2 - 1))*-1. Let t = 2 - f. What is the units digit of t?
4
Suppose 2*f + 5*a - 3 = -17, 0 = 4*f - a - 16. Suppose 4*z = 3*m + 78, -f*z + 2*m = 5*m - 69. What is the units digit of z?
1
Suppose 5*b - 12 = 2*w - 5*w, 3*b = 5*w + 14. Suppose 6 = 3*p + b*m, 4*p = 5*m + 25 + 28. What is the units digit of p?
7
Let c(n) = -n + 3. Let z be c(0). Suppose -9 = -d + z. What is the tens digit of d?
1
Suppose -5*w + 20 = 0, -24 = -5*s + 2*w - 7. Let d(l) = -l**2 + 7*l - 1. Let u be d(s). Let t = 21 - u. What is the units digit of t?
2
Suppose 3*u = 2*u + 25. What is the tens digit of u?
2
Let p(d) = -d**3 - 6*d**2 - 3*d + 8. What is the units digit of p(-6)?
6
Let c(b) = -b**3 - b**2 - b + 14. What is the tens digit of c(0)?
1
What is the tens digit of (-50)/(-4)*(10 + -6)?
5
Suppose 157 = 3*k - 56. Suppose 4*c - 81 = -3*h, -5*h + k = 4*c - 0*h. Suppose -8 = -3*r - 5*s + 10, 3*r + 3*s = c. What is the tens digit of r?
1
Let u(g) = 6*g**2 - 2*g - 3. Let i(k) = 11*k**2 - 3*k - 5. Let o(q) = 4*i(q) - 7*u(q). Let s be o(-1). Let y = s - 0. What is the units digit of y?
1
Let w = 22 + 186. What is the hundreds digit of w?
2
Suppose -2*c + 46 = -q + 7, -2*c = -5*q - 59. What is the units digit of c?
7
Suppose 0 = -4*g - 0*g. Suppose 2*z + 5*h - 14 = g, z + 5*h = 5 + 7. Suppose s - 6 = z*w, 0 = -5*s - 4*w - 0*w + 16. What is the units digit of s?
4
Let f be 4/(-18) - 910/(-45). Suppose 0 = -2*o + f + 6. Let t = -6 + o. What is the units digit of t?
7
Let n(